{"id":130,"date":"2024-10-26T01:30:00","date_gmt":"2024-10-26T01:30:00","guid":{"rendered":"https:\/\/laginette.com\/apscworld\/?page_id=130"},"modified":"2024-11-11T14:51:11","modified_gmt":"2024-11-11T14:51:11","slug":"contact","status":"publish","type":"page","link":"https:\/\/laginette.com\/apscworld\/index.php\/contact\/","title":{"rendered":"Contact"},"content":{"rendered":"<div class=\"wpforms-container wpforms-container-full wpforms-render-modern\" id=\"wpforms-122\"><form id=\"wpforms-form-122\" class=\"wpforms-validate wpforms-form wpforms-ajax-form\" data-formid=\"122\" method=\"post\" enctype=\"multipart\/form-data\" action=\"\/apscworld\/index.php\/wp-json\/wp\/v2\/pages\/130\" data-token=\"b9141c09b0acd1143f4db18589ab3832\" data-token-time=\"1777525847\"><noscript class=\"wpforms-error-noscript\">Veuillez activer JavaScript dans votre navigateur pour remplir ce formulaire.<\/noscript><div class=\"wpforms-hidden\" id=\"wpforms-error-noscript\">Veuillez activer JavaScript dans votre navigateur pour remplir ce formulaire.<\/div><div class=\"wpforms-field-container\"><div id=\"wpforms-122-field_1-container\" class=\"wpforms-field wpforms-field-name\" data-field-id=\"1\"><fieldset><legend class=\"wpforms-field-label\">Nom <span class=\"wpforms-required-label\" aria-hidden=\"true\">*<\/span><\/legend><div class=\"wpforms-field-row wpforms-field-medium\"><div class=\"wpforms-field-row-block wpforms-first wpforms-one-half\"><input type=\"text\" id=\"wpforms-122-field_1\" class=\"wpforms-field-name-first wpforms-field-required\" name=\"wpforms[fields][1][first]\" aria-errormessage=\"wpforms-122-field_1-error\" required><label for=\"wpforms-122-field_1\" class=\"wpforms-field-sublabel after\">Pr\u00e9nom<\/label><\/div><div class=\"wpforms-field-row-block wpforms-one-half\"><input type=\"text\" id=\"wpforms-122-field_1-last\" class=\"wpforms-field-name-last wpforms-field-required\" name=\"wpforms[fields][1][last]\" aria-errormessage=\"wpforms-122-field_1-last-error\" required><label for=\"wpforms-122-field_1-last\" class=\"wpforms-field-sublabel after\">Nom<\/label><\/div><\/div><\/fieldset><\/div><div id=\"wpforms-122-field_2-container\" class=\"wpforms-field wpforms-field-email\" data-field-id=\"2\"><label class=\"wpforms-field-label\" for=\"wpforms-122-field_2\">E-mail <span class=\"wpforms-required-label\" aria-hidden=\"true\">*<\/span><\/label><input type=\"email\" id=\"wpforms-122-field_2\" class=\"wpforms-field-medium wpforms-field-required\" name=\"wpforms[fields][2]\" spellcheck=\"false\" aria-errormessage=\"wpforms-122-field_2-error\" required><\/div><div id=\"wpforms-122-field_3-container\" class=\"wpforms-field wpforms-field-textarea\" data-field-id=\"3\"><label class=\"wpforms-field-label\" for=\"wpforms-122-field_3\">Commentaire ou message<\/label><textarea id=\"wpforms-122-field_3\" class=\"wpforms-field-medium\" name=\"wpforms[fields][3]\" aria-errormessage=\"wpforms-122-field_3-error\" ><\/textarea><\/div><\/div><!-- .wpforms-field-container --><div class=\"wpforms-recaptcha-container wpforms-is-recaptcha wpforms-is-recaptcha-type-v2\" ><div class=\"g-recaptcha\" data-sitekey=\"6LfjHnkqAAAAAOVyRfcHIKF18mnErfAnxPr5Qz9c\"><\/div><input type=\"text\" name=\"g-recaptcha-hidden\" class=\"wpforms-recaptcha-hidden\" style=\"position:absolute!important;clip:rect(0,0,0,0)!important;height:1px!important;width:1px!important;border:0!important;overflow:hidden!important;padding:0!important;margin:0!important;\" data-rule-recaptcha=\"1\"><\/div><div class=\"wpforms-submit-container\" ><input type=\"hidden\" name=\"wpforms[id]\" value=\"122\"><input type=\"hidden\" name=\"page_title\" value=\"\"><input type=\"hidden\" name=\"page_url\" value=\"https:\/\/laginette.com\/apscworld\/index.php\/wp-json\/wp\/v2\/pages\/130\"><button type=\"submit\" name=\"wpforms[submit]\" id=\"wpforms-submit-122\" class=\"wpforms-submit\" data-alt-text=\"Envoi...\" data-submit-text=\"Envoyer\" aria-live=\"assertive\" value=\"wpforms-submit\">Envoyer<\/button><img loading=\"lazy\" decoding=\"async\" src=\"https:\/\/laginette.com\/apscworld\/wp-content\/plugins\/wpforms-lite\/assets\/images\/submit-spin.svg\" class=\"wpforms-submit-spinner\" style=\"display: none;\" width=\"26\" height=\"26\" alt=\"Chargement en cours\"><\/div><\/form><\/div>  <!-- .wpforms-container -->\n<p>Si vous voulez m&rsquo;envoyer un email, <a href=\"https:\/\/laginette.com\/mybb\/contact.php\" target=\"_blank\" rel=\"noopener\">suivez cette proc\u00e9dure<\/a>.<\/p>\n","protected":false},"excerpt":{"rendered":"<p>Si vous voulez m&rsquo;envoyer un email, suivez cette proc\u00e9dure.<\/p>\n","protected":false},"author":1,"featured_media":0,"parent":0,"menu_order":0,"comment_status":"closed","ping_status":"closed","template":"","meta":{"_exactmetrics_skip_tracking":false,"_exactmetrics_sitenote_active":false,"_exactmetrics_sitenote_note":"","_exactmetrics_sitenote_category":0,"_uf_show_specific_survey":0,"_uf_disable_surveys":false,"ngg_post_thumbnail":0,"footnotes":""},"class_list":["post-130","page","type-page","status-publish","hentry"],"yoast_head":"<!-- This site is optimized with the Yoast SEO plugin v23.9 - https:\/\/yoast.com\/wordpress\/plugins\/seo\/ -->\n<title>Contact - APSC<\/title>\n<meta name=\"robots\" content=\"index, follow, max-snippet:-1, max-image-preview:large, max-video-preview:-1\" \/>\n<link rel=\"canonical\" href=\"https:\/\/laginette.com\/apscworld\/index.php\/contact\/\" \/>\n<meta property=\"og:locale\" content=\"fr_FR\" \/>\n<meta property=\"og:type\" content=\"article\" \/>\n<meta property=\"og:title\" content=\"Contact - APSC\" \/>\n<meta property=\"og:description\" content=\"Si vous voulez m&rsquo;envoyer un email, suivez cette proc\u00e9dure.\" \/>\n<meta property=\"og:url\" content=\"https:\/\/laginette.com\/apscworld\/index.php\/contact\/\" \/>\n<meta property=\"og:site_name\" content=\"APSC\" \/>\n<meta property=\"article:modified_time\" content=\"2024-11-11T14:51:11+00:00\" \/>\n<meta name=\"twitter:card\" content=\"summary_large_image\" \/>\n<meta name=\"twitter:label1\" content=\"Dur\u00e9e de lecture estim\u00e9e\" \/>\n\t<meta name=\"twitter:data1\" content=\"1 minute\" \/>\n<script type=\"application\/ld+json\" class=\"yoast-schema-graph\">{\"@context\":\"https:\/\/schema.org\",\"@graph\":[{\"@type\":\"WebPage\",\"@id\":\"https:\/\/laginette.com\/apscworld\/index.php\/contact\/\",\"url\":\"https:\/\/laginette.com\/apscworld\/index.php\/contact\/\",\"name\":\"Contact - APSC\",\"isPartOf\":{\"@id\":\"https:\/\/laginette.com\/apscworld\/#website\"},\"datePublished\":\"2024-10-26T01:30:00+00:00\",\"dateModified\":\"2024-11-11T14:51:11+00:00\",\"breadcrumb\":{\"@id\":\"https:\/\/laginette.com\/apscworld\/index.php\/contact\/#breadcrumb\"},\"inLanguage\":\"fr-FR\",\"potentialAction\":[{\"@type\":\"ReadAction\",\"target\":[\"https:\/\/laginette.com\/apscworld\/index.php\/contact\/\"]}]},{\"@type\":\"BreadcrumbList\",\"@id\":\"https:\/\/laginette.com\/apscworld\/index.php\/contact\/#breadcrumb\",\"itemListElement\":[{\"@type\":\"ListItem\",\"position\":1,\"name\":\"Accueil\",\"item\":\"https:\/\/laginette.com\/apscworld\/\"},{\"@type\":\"ListItem\",\"position\":2,\"name\":\"Contact\"}]},{\"@type\":\"WebSite\",\"@id\":\"https:\/\/laginette.com\/apscworld\/#website\",\"url\":\"https:\/\/laginette.com\/apscworld\/\",\"name\":\"ArtsPlastocSequenceConceptor\",\"description\":\"Cr\u00e9er et \u00e9diter des s\u00e9quences de cours en arts plastiques\",\"publisher\":{\"@id\":\"https:\/\/laginette.com\/apscworld\/#\/schema\/person\/db49008618e3803f13f1d94a96df04d7\"},\"potentialAction\":[{\"@type\":\"SearchAction\",\"target\":{\"@type\":\"EntryPoint\",\"urlTemplate\":\"https:\/\/laginette.com\/apscworld\/?s={search_term_string}\"},\"query-input\":{\"@type\":\"PropertyValueSpecification\",\"valueRequired\":true,\"valueName\":\"search_term_string\"}}],\"inLanguage\":\"fr-FR\"},{\"@type\":[\"Person\",\"Organization\"],\"@id\":\"https:\/\/laginette.com\/apscworld\/#\/schema\/person\/db49008618e3803f13f1d94a96df04d7\",\"name\":\"admin\",\"image\":{\"@type\":\"ImageObject\",\"inLanguage\":\"fr-FR\",\"@id\":\"https:\/\/laginette.com\/apscworld\/#\/schema\/person\/image\/\",\"url\":\"https:\/\/laginette.com\/apscworld\/wp-content\/uploads\/2024\/10\/logo_apsc_256x256.png\",\"contentUrl\":\"https:\/\/laginette.com\/apscworld\/wp-content\/uploads\/2024\/10\/logo_apsc_256x256.png\",\"width\":260,\"height\":260,\"caption\":\"admin\"},\"logo\":{\"@id\":\"https:\/\/laginette.com\/apscworld\/#\/schema\/person\/image\/\"},\"sameAs\":[\"https:\/\/laginette.com\/apscworld\"]}]}<\/script>\n<!-- \/ Yoast SEO plugin. -->","yoast_head_json":{"title":"Contact - APSC","robots":{"index":"index","follow":"follow","max-snippet":"max-snippet:-1","max-image-preview":"max-image-preview:large","max-video-preview":"max-video-preview:-1"},"canonical":"https:\/\/laginette.com\/apscworld\/index.php\/contact\/","og_locale":"fr_FR","og_type":"article","og_title":"Contact - APSC","og_description":"Si vous voulez m&rsquo;envoyer un email, suivez cette proc\u00e9dure.","og_url":"https:\/\/laginette.com\/apscworld\/index.php\/contact\/","og_site_name":"APSC","article_modified_time":"2024-11-11T14:51:11+00:00","twitter_card":"summary_large_image","twitter_misc":{"Dur\u00e9e de lecture estim\u00e9e":"1 minute"},"schema":{"@context":"https:\/\/schema.org","@graph":[{"@type":"WebPage","@id":"https:\/\/laginette.com\/apscworld\/index.php\/contact\/","url":"https:\/\/laginette.com\/apscworld\/index.php\/contact\/","name":"Contact - APSC","isPartOf":{"@id":"https:\/\/laginette.com\/apscworld\/#website"},"datePublished":"2024-10-26T01:30:00+00:00","dateModified":"2024-11-11T14:51:11+00:00","breadcrumb":{"@id":"https:\/\/laginette.com\/apscworld\/index.php\/contact\/#breadcrumb"},"inLanguage":"fr-FR","potentialAction":[{"@type":"ReadAction","target":["https:\/\/laginette.com\/apscworld\/index.php\/contact\/"]}]},{"@type":"BreadcrumbList","@id":"https:\/\/laginette.com\/apscworld\/index.php\/contact\/#breadcrumb","itemListElement":[{"@type":"ListItem","position":1,"name":"Accueil","item":"https:\/\/laginette.com\/apscworld\/"},{"@type":"ListItem","position":2,"name":"Contact"}]},{"@type":"WebSite","@id":"https:\/\/laginette.com\/apscworld\/#website","url":"https:\/\/laginette.com\/apscworld\/","name":"ArtsPlastocSequenceConceptor","description":"Cr\u00e9er et \u00e9diter des s\u00e9quences de cours en arts plastiques","publisher":{"@id":"https:\/\/laginette.com\/apscworld\/#\/schema\/person\/db49008618e3803f13f1d94a96df04d7"},"potentialAction":[{"@type":"SearchAction","target":{"@type":"EntryPoint","urlTemplate":"https:\/\/laginette.com\/apscworld\/?s={search_term_string}"},"query-input":{"@type":"PropertyValueSpecification","valueRequired":true,"valueName":"search_term_string"}}],"inLanguage":"fr-FR"},{"@type":["Person","Organization"],"@id":"https:\/\/laginette.com\/apscworld\/#\/schema\/person\/db49008618e3803f13f1d94a96df04d7","name":"admin","image":{"@type":"ImageObject","inLanguage":"fr-FR","@id":"https:\/\/laginette.com\/apscworld\/#\/schema\/person\/image\/","url":"https:\/\/laginette.com\/apscworld\/wp-content\/uploads\/2024\/10\/logo_apsc_256x256.png","contentUrl":"https:\/\/laginette.com\/apscworld\/wp-content\/uploads\/2024\/10\/logo_apsc_256x256.png","width":260,"height":260,"caption":"admin"},"logo":{"@id":"https:\/\/laginette.com\/apscworld\/#\/schema\/person\/image\/"},"sameAs":["https:\/\/laginette.com\/apscworld"]}]}},"jetpack_sharing_enabled":true,"_links":{"self":[{"href":"https:\/\/laginette.com\/apscworld\/index.php\/wp-json\/wp\/v2\/pages\/130","targetHints":{"allow":["GET"]}}],"collection":[{"href":"https:\/\/laginette.com\/apscworld\/index.php\/wp-json\/wp\/v2\/pages"}],"about":[{"href":"https:\/\/laginette.com\/apscworld\/index.php\/wp-json\/wp\/v2\/types\/page"}],"author":[{"embeddable":true,"href":"https:\/\/laginette.com\/apscworld\/index.php\/wp-json\/wp\/v2\/users\/1"}],"replies":[{"embeddable":true,"href":"https:\/\/laginette.com\/apscworld\/index.php\/wp-json\/wp\/v2\/comments?post=130"}],"version-history":[{"count":4,"href":"https:\/\/laginette.com\/apscworld\/index.php\/wp-json\/wp\/v2\/pages\/130\/revisions"}],"predecessor-version":[{"id":292,"href":"https:\/\/laginette.com\/apscworld\/index.php\/wp-json\/wp\/v2\/pages\/130\/revisions\/292"}],"wp:attachment":[{"href":"https:\/\/laginette.com\/apscworld\/index.php\/wp-json\/wp\/v2\/media?parent=130"}],"curies":[{"name":"wp","href":"https:\/\/api.w.org\/{rel}","templated":true}]}}